{"id":89,"date":"2023-05-05T20:21:44","date_gmt":"2023-05-05T20:21:44","guid":{"rendered":"https:\/\/rautila.fi\/wordpress\/?page_id=89"},"modified":"2025-12-30T11:38:19","modified_gmt":"2025-12-30T11:38:19","slug":"vuokraus","status":"publish","type":"page","link":"https:\/\/rautila.fi\/index.php\/rantasauna\/vuokraus\/","title":{"rendered":"Vuokraus"},"content":{"rendered":"\r\n<h2 class=\"wp-block-heading\">Vuokrahinnat 2026<\/h2>\r\n\r\n\r\n\r\n<p><strong>1.6. &#8211; 31.8.<\/strong><br \/>200 \u20ac\/viikonloppu (la 9.00-su 17.00)<br \/>120 \u20ac\/lauantai (9.00-24.00)<br \/>120 \u20ac\/sunnuntai (9.00-24.00)<br \/>100 \u20ac \/arkip\u00e4iv\u00e4 (9.00-17.00)<\/p>\r\n\r\n\r\n\r\n<p>350 \u20ac \/ Juhannus (pe 9.00-la 24.00)<\/p>\r\n\r\n\r\n\r\n<p><strong>J\u00e4senille:<\/strong><br \/>150 \u20ac\/viikonloppu (la 9.00-su 17.00)<br \/>80 \u20ac\/lauantai (9.00-24.00)<br \/>80 \u20ac\/sunnuntai (9.00-24.00)<br \/>60 \u20ac\/arkip\u00e4iv\u00e4 (9.00-17.00)<\/p>\r\n\r\n\r\n\r\n<p>Vuokrahinnat +20 \u20ac kaasugrillin kanssa<\/p>\r\n\r\n\r\n\r\n<figure class=\"wp-block-image\"><img decoding=\"async\" src=\"https:\/\/rautila.fi\/kuvat_rautila\/grilli.jpg\" alt=\"\" \/><\/figure>\r\n\r\n\r\n\r\n<p>&nbsp;<\/p>\r\n<p>Arki-ilta sesongin ulkopuolella 60 \u20ac.<\/p>\r\n\r\n\r\n\r\n<p><strong>Saunan vuokraukset p. 040 551 2415 eevalahtivuo(at)gmail.com<\/strong><\/p>\r\n\r\n\r\n<hr class=\"wp-block-separator has-alpha-channel-opacity is-style-wide\" \/>\r\n\r\n\r\n<h2 class=\"wp-block-heading\">Vuokrausehdot<\/h2>\r\n\r\n\r\n\r\n<ul class=\"wp-block-list\">\r\n<li>Hintoihin sis\u00e4ltyy polttopuut sek\u00e4 kaikkien tilojen k\u00e4ytt\u00f6 mukavuuksineen.<\/li>\r\n\r\n\r\n\r\n<li>Vuokraaja huolehtii saunan l\u00e4mmityksest\u00e4, alueen siisteydest\u00e4 ja tilojen siivouksesta k\u00e4yt\u00f6n j\u00e4lkeen. Mik\u00e4li siivous on laiminly\u00f6ty, laskutamme siivouksesta todellisten kustannusten mukaan, kuitenkin v\u00e4hint\u00e4\u00e4n 60 \u20ac.<\/li>\r\n\r\n\r\n\r\n<li>Vuokraaja on velvollinen korvaamaan tiloille aiheuttamansa vahingon t\u00e4ysim\u00e4\u00e4r\u00e4isesti.<\/li>\r\n\r\n\r\n\r\n<li>Peruutukset veloituksetta 2 viikkoa ennen vuokrausp\u00e4iv\u00e4\u00e4, my\u00f6hemmin peruutetuista perimme 50% vuokrahinnasta.<\/li>\r\n\r\n\r\n\r\n<li>Vuokraajan on otettava huomioon vieress\u00e4 olevan yleisen uimarannan mahdollinen k\u00e4ytt\u00f6 vuokra-aikana.<\/li>\r\n<\/ul>\r\n\r\n\r\n<hr class=\"wp-block-separator has-alpha-channel-opacity is-style-wide\" \/>\r\n\r\n\r\n<h2 class=\"wp-block-heading\"><strong>Ajo-ohje saunalle<\/strong><\/h2>\r\n\r\n\r\n\r\n<p>Rautasaunan osoite: Vanha rantatie 1, 23260 Rautila<\/p>\r\n\r\n\r\n\r\n<p>Kustavintielt\u00e4 k\u00e4\u00e4nnyt\u00e4\u00e4n Rautilantielle ja Rautilantiet\u00e4 1,3 km ajettua k\u00e4\u00e4nnyt\u00e4\u00e4n vasemmalle Salmenkujalle ja heti oikealle Vikaistentielle. Saunoille johtaa tie heti paloaseman j\u00e4lkeen Vikaisten vanhan kivinavetan kohdalta alas rantaan.<\/p>\r\n\r\n\r\n\r\n<p><iframe loading=\"lazy\" style=\"border: 0;\" src=\"https:\/\/www.google.com\/maps\/embed?pb=!1m18!1m12!1m3!1d1957.283534195712!2d21.685607977474266!3d60.62197410688825!2m3!1f0!2f0!3f0!3m2!1i1024!2i768!4f13.1!3m3!1m2!1s0x468b944b4b0975a1%3A0xa201ccd102cf0570!2sRautilan%20rantasauna!5e0!3m2!1sfi!2sfi!4v1683485666541!5m2!1sfi!2sfi\" width=\"400\" height=\"300\" allowfullscreen=\"allowfullscreen\"><\/iframe><\/p>\r\n\r\n\r\n<hr class=\"wp-block-separator has-alpha-channel-opacity\" \/>\r\n\r\n\r\n<h3 class=\"wp-block-heading\">Kuvia rantasaunasta<\/h3>\r\n\r\n\r\n\r\n<figure class=\"wp-block-gallery has-nested-images columns-5 is-cropped wp-block-gallery-1 is-layout-flex wp-block-gallery-is-layout-flex\">\r\n<figure class=\"wp-block-image size-large\"><img loading=\"lazy\" decoding=\"async\" width=\"1024\" height=\"683\" data-id=\"558\" class=\"wp-image-558\" src=\"https:\/\/rautila.fi\/wp-content\/uploads\/2023\/05\/IMG_0115-1024x683.jpg\" alt=\"\" srcset=\"https:\/\/rautila.fi\/wp-content\/uploads\/2023\/05\/IMG_0115-1024x683.jpg 1024w, https:\/\/rautila.fi\/wp-content\/uploads\/2023\/05\/IMG_0115-300x200.jpg 300w, https:\/\/rautila.fi\/wp-content\/uploads\/2023\/05\/IMG_0115-768x512.jpg 768w, https:\/\/rautila.fi\/wp-content\/uploads\/2023\/05\/IMG_0115-1536x1024.jpg 1536w, https:\/\/rautila.fi\/wp-content\/uploads\/2023\/05\/IMG_0115-2048x1365.jpg 2048w\" sizes=\"auto, (max-width: 1024px) 100vw, 1024px\" \/><\/figure>\r\n\r\n\r\n\r\n<figure class=\"wp-block-image size-large\"><img loading=\"lazy\" decoding=\"async\" width=\"640\" height=\"480\" data-id=\"342\" class=\"wp-image-342\" src=\"https:\/\/rautila.fi\/wp-content\/uploads\/2023\/05\/saunaes2.jpg\" alt=\"\" srcset=\"https:\/\/rautila.fi\/wp-content\/uploads\/2023\/05\/saunaes2.jpg 640w, https:\/\/rautila.fi\/wp-content\/uploads\/2023\/05\/saunaes2-300x225.jpg 300w\" sizes=\"auto, (max-width: 640px) 100vw, 640px\" \/><\/figure>\r\n\r\n\r\n\r\n<figure class=\"wp-block-image size-large\"><img loading=\"lazy\" decoding=\"async\" width=\"1024\" height=\"683\" data-id=\"557\" class=\"wp-image-557\" src=\"https:\/\/rautila.fi\/wp-content\/uploads\/2023\/05\/IMG_0114-1024x683.jpg\" alt=\"\" srcset=\"https:\/\/rautila.fi\/wp-content\/uploads\/2023\/05\/IMG_0114-1024x683.jpg 1024w, https:\/\/rautila.fi\/wp-content\/uploads\/2023\/05\/IMG_0114-300x200.jpg 300w, https:\/\/rautila.fi\/wp-content\/uploads\/2023\/05\/IMG_0114-768x512.jpg 768w, https:\/\/rautila.fi\/wp-content\/uploads\/2023\/05\/IMG_0114-1536x1024.jpg 1536w, https:\/\/rautila.fi\/wp-content\/uploads\/2023\/05\/IMG_0114-2048x1365.jpg 2048w\" sizes=\"auto, (max-width: 1024px) 100vw, 1024px\" \/><\/figure>\r\n\r\n\r\n\r\n<figure class=\"wp-block-image size-large\"><img loading=\"lazy\" decoding=\"async\" width=\"1024\" height=\"683\" data-id=\"559\" class=\"wp-image-559\" src=\"https:\/\/rautila.fi\/wp-content\/uploads\/2023\/05\/IMG_0124-1024x683.jpg\" alt=\"\" srcset=\"https:\/\/rautila.fi\/wp-content\/uploads\/2023\/05\/IMG_0124-1024x683.jpg 1024w, https:\/\/rautila.fi\/wp-content\/uploads\/2023\/05\/IMG_0124-300x200.jpg 300w, https:\/\/rautila.fi\/wp-content\/uploads\/2023\/05\/IMG_0124-768x512.jpg 768w, https:\/\/rautila.fi\/wp-content\/uploads\/2023\/05\/IMG_0124-1536x1024.jpg 1536w, https:\/\/rautila.fi\/wp-content\/uploads\/2023\/05\/IMG_0124-2048x1365.jpg 2048w\" sizes=\"auto, (max-width: 1024px) 100vw, 1024px\" \/><\/figure>\r\n\r\n\r\n\r\n<figure class=\"wp-block-image size-large\"><img loading=\"lazy\" decoding=\"async\" width=\"640\" height=\"480\" data-id=\"345\" class=\"wp-image-345\" src=\"https:\/\/rautila.fi\/wp-content\/uploads\/2023\/05\/saunaes5.jpg\" alt=\"\" srcset=\"https:\/\/rautila.fi\/wp-content\/uploads\/2023\/05\/saunaes5.jpg 640w, https:\/\/rautila.fi\/wp-content\/uploads\/2023\/05\/saunaes5-300x225.jpg 300w\" sizes=\"auto, (max-width: 640px) 100vw, 640px\" \/><\/figure>\r\n\r\n\r\n\r\n<figure class=\"wp-block-image size-large\"><img loading=\"lazy\" decoding=\"async\" width=\"640\" height=\"480\" data-id=\"344\" class=\"wp-image-344\" src=\"https:\/\/rautila.fi\/wp-content\/uploads\/2023\/05\/saunaes4.jpg\" alt=\"\" srcset=\"https:\/\/rautila.fi\/wp-content\/uploads\/2023\/05\/saunaes4.jpg 640w, https:\/\/rautila.fi\/wp-content\/uploads\/2023\/05\/saunaes4-300x225.jpg 300w\" sizes=\"auto, (max-width: 640px) 100vw, 640px\" \/><\/figure>\r\n\r\n\r\n\r\n<figure class=\"wp-block-image size-large\"><img loading=\"lazy\" decoding=\"async\" width=\"640\" height=\"480\" data-id=\"346\" class=\"wp-image-346\" src=\"https:\/\/rautila.fi\/wp-content\/uploads\/2023\/05\/saunaes7.jpg\" alt=\"\" srcset=\"https:\/\/rautila.fi\/wp-content\/uploads\/2023\/05\/saunaes7.jpg 640w, https:\/\/rautila.fi\/wp-content\/uploads\/2023\/05\/saunaes7-300x225.jpg 300w\" sizes=\"auto, (max-width: 640px) 100vw, 640px\" \/><\/figure>\r\n\r\n\r\n\r\n<figure class=\"wp-block-image size-large\"><img loading=\"lazy\" decoding=\"async\" width=\"640\" height=\"480\" data-id=\"348\" class=\"wp-image-348\" src=\"https:\/\/rautila.fi\/wp-content\/uploads\/2023\/05\/saunaes9.jpg\" alt=\"\" srcset=\"https:\/\/rautila.fi\/wp-content\/uploads\/2023\/05\/saunaes9.jpg 640w, https:\/\/rautila.fi\/wp-content\/uploads\/2023\/05\/saunaes9-300x225.jpg 300w\" sizes=\"auto, (max-width: 640px) 100vw, 640px\" \/><\/figure>\r\n\r\n\r\n\r\n<figure class=\"wp-block-image size-large\"><img loading=\"lazy\" decoding=\"async\" width=\"640\" height=\"480\" data-id=\"343\" class=\"wp-image-343\" src=\"https:\/\/rautila.fi\/wp-content\/uploads\/2023\/05\/saunaes3.jpg\" alt=\"\" srcset=\"https:\/\/rautila.fi\/wp-content\/uploads\/2023\/05\/saunaes3.jpg 640w, https:\/\/rautila.fi\/wp-content\/uploads\/2023\/05\/saunaes3-300x225.jpg 300w\" sizes=\"auto, (max-width: 640px) 100vw, 640px\" \/><\/figure>\r\n\r\n\r\n\r\n<figure class=\"wp-block-image size-large\"><img loading=\"lazy\" decoding=\"async\" width=\"640\" height=\"480\" data-id=\"347\" class=\"wp-image-347\" src=\"https:\/\/rautila.fi\/wp-content\/uploads\/2023\/05\/saunaes8.jpg\" alt=\"\" srcset=\"https:\/\/rautila.fi\/wp-content\/uploads\/2023\/05\/saunaes8.jpg 640w, https:\/\/rautila.fi\/wp-content\/uploads\/2023\/05\/saunaes8-300x225.jpg 300w\" sizes=\"auto, (max-width: 640px) 100vw, 640px\" \/><\/figure>\r\n\r\n\r\n\r\n<figure class=\"wp-block-image size-large\"><img loading=\"lazy\" decoding=\"async\" width=\"1024\" height=\"577\" data-id=\"550\" class=\"wp-image-550\" src=\"https:\/\/rautila.fi\/wp-content\/uploads\/2023\/05\/WP_20180224_12_25_30_Pro-1024x577.jpg\" alt=\"\" srcset=\"https:\/\/rautila.fi\/wp-content\/uploads\/2023\/05\/WP_20180224_12_25_30_Pro-1024x577.jpg 1024w, https:\/\/rautila.fi\/wp-content\/uploads\/2023\/05\/WP_20180224_12_25_30_Pro-300x169.jpg 300w, https:\/\/rautila.fi\/wp-content\/uploads\/2023\/05\/WP_20180224_12_25_30_Pro-768x433.jpg 768w, https:\/\/rautila.fi\/wp-content\/uploads\/2023\/05\/WP_20180224_12_25_30_Pro-1536x866.jpg 1536w, https:\/\/rautila.fi\/wp-content\/uploads\/2023\/05\/WP_20180224_12_25_30_Pro.jpg 1632w\" sizes=\"auto, (max-width: 1024px) 100vw, 1024px\" \/><\/figure>\r\n<\/figure>\r\n","protected":false},"excerpt":{"rendered":"<p>Vuokrahinnat 2026 1.6. &#8211; 31.8.200 \u20ac\/viikonloppu (la 9.00-su 17.00)120 \u20ac\/lauantai (9.00-24.00)120 \u20ac\/sunnuntai (9.00-24.00)100 \u20ac \/arkip\u00e4iv\u00e4 (9.00-17.00) 350 \u20ac \/ Juhannus (pe 9.00-la 24.00) J\u00e4senille:150 \u20ac\/viikonloppu (la 9.00-su 17.00)80 \u20ac\/lauantai (9.00-24.00)80 \u20ac\/sunnuntai (9.00-24.00)60 \u20ac\/arkip\u00e4iv\u00e4 (9.00-17.00) Vuokrahinnat +20 \u20ac kaasugrillin kanssa &nbsp; &hellip; <a href=\"https:\/\/rautila.fi\/index.php\/rantasauna\/vuokraus\/\">Lue loppuun <span class=\"meta-nav\">&rarr;<\/span><\/a><\/p>\n","protected":false},"author":1,"featured_media":90,"parent":18,"menu_order":1,"comment_status":"closed","ping_status":"closed","template":"onecolumn-page.php","meta":{"footnotes":""},"class_list":["post-89","page","type-page","status-publish","has-post-thumbnail","hentry"],"_links":{"self":[{"href":"https:\/\/rautila.fi\/index.php\/wp-json\/wp\/v2\/pages\/89","targetHints":{"allow":["GET"]}}],"collection":[{"href":"https:\/\/rautila.fi\/index.php\/wp-json\/wp\/v2\/pages"}],"about":[{"href":"https:\/\/rautila.fi\/index.php\/wp-json\/wp\/v2\/types\/page"}],"author":[{"embeddable":true,"href":"https:\/\/rautila.fi\/index.php\/wp-json\/wp\/v2\/users\/1"}],"replies":[{"embeddable":true,"href":"https:\/\/rautila.fi\/index.php\/wp-json\/wp\/v2\/comments?post=89"}],"version-history":[{"count":19,"href":"https:\/\/rautila.fi\/index.php\/wp-json\/wp\/v2\/pages\/89\/revisions"}],"predecessor-version":[{"id":1163,"href":"https:\/\/rautila.fi\/index.php\/wp-json\/wp\/v2\/pages\/89\/revisions\/1163"}],"up":[{"embeddable":true,"href":"https:\/\/rautila.fi\/index.php\/wp-json\/wp\/v2\/pages\/18"}],"wp:featuredmedia":[{"embeddable":true,"href":"https:\/\/rautila.fi\/index.php\/wp-json\/wp\/v2\/media\/90"}],"wp:attachment":[{"href":"https:\/\/rautila.fi\/index.php\/wp-json\/wp\/v2\/media?parent=89"}],"curies":[{"name":"wp","href":"https:\/\/api.w.org\/{rel}","templated":true}]}}