{"id":415,"date":"2023-05-07T17:47:36","date_gmt":"2023-05-07T17:47:36","guid":{"rendered":"https:\/\/rautila.fi\/wordpress\/?page_id=415"},"modified":"2025-06-30T15:51:20","modified_gmt":"2025-06-30T15:51:20","slug":"112-paiva","status":"publish","type":"page","link":"https:\/\/rautila.fi\/index.php\/tapahtumat\/112-paiva\/","title":{"rendered":"112-p\u00e4iv\u00e4"},"content":{"rendered":"\n<p>J\u00e4rjest\u00e4mme yhteisty\u00f6ss\u00e4 Rautilan VPK:n kanssa vuosittain 112-p\u00e4iv\u00e4tapahtuman helmikuussa. Rautilan VPK:n ohjelmassa on valistusta, kalustoesittely, toimintan\u00e4yt\u00f6ksi\u00e4, ohjelmaa lapsille sek\u00e4 kahvitarjoilu. Kyl\u00e4yhdistys on huolehtinut keitto- ja makkarapuffetista, sek\u00e4 arpajaisista.<\/p>\n\n\n\n<p><a href=\"https:\/\/www.facebook.com\/rautilanvpk\">https:\/\/www.facebook.com\/rautilanvpk<\/a><\/p>\n\n\n\n<figure class=\"wp-block-gallery has-nested-images columns-default is-cropped wp-block-gallery-1 is-layout-flex wp-block-gallery-is-layout-flex\">\n<figure class=\"wp-block-image size-large\"><img loading=\"lazy\" decoding=\"async\" width=\"1024\" height=\"768\" data-id=\"894\" src=\"https:\/\/rautila.fi\/wp-content\/uploads\/2024\/05\/napakelkka2024-1024x768.jpg\" alt=\"\" class=\"wp-image-894\" srcset=\"https:\/\/rautila.fi\/wp-content\/uploads\/2024\/05\/napakelkka2024-1024x768.jpg 1024w, https:\/\/rautila.fi\/wp-content\/uploads\/2024\/05\/napakelkka2024-300x225.jpg 300w, https:\/\/rautila.fi\/wp-content\/uploads\/2024\/05\/napakelkka2024-768x576.jpg 768w, https:\/\/rautila.fi\/wp-content\/uploads\/2024\/05\/napakelkka2024-1536x1152.jpg 1536w, https:\/\/rautila.fi\/wp-content\/uploads\/2024\/05\/napakelkka2024.jpg 1600w\" sizes=\"auto, (max-width: 1024px) 100vw, 1024px\" \/><figcaption class=\"wp-element-caption\">Napakelkka 2024<\/figcaption><\/figure>\n\n\n\n<figure class=\"wp-block-image size-large\"><img loading=\"lazy\" decoding=\"async\" width=\"300\" height=\"200\" data-id=\"285\" src=\"https:\/\/rautila.fi\/wp-content\/uploads\/2023\/05\/ystavanpaiva-112-paloauto.jpg\" alt=\"\" class=\"wp-image-285\"\/><figcaption class=\"wp-element-caption\">Rautilan VPK<\/figcaption><\/figure>\n<\/figure>\n\n\n\n<p><\/p>\n\n\n\n<p><\/p>\n","protected":false},"excerpt":{"rendered":"<p>J\u00e4rjest\u00e4mme yhteisty\u00f6ss\u00e4 Rautilan VPK:n kanssa vuosittain 112-p\u00e4iv\u00e4tapahtuman helmikuussa. Rautilan VPK:n ohjelmassa on valistusta, kalustoesittely, toimintan\u00e4yt\u00f6ksi\u00e4, ohjelmaa lapsille sek\u00e4 kahvitarjoilu. Kyl\u00e4yhdistys on huolehtinut keitto- ja makkarapuffetista, sek\u00e4 arpajaisista. https:\/\/www.facebook.com\/rautilanvpk<\/p>\n","protected":false},"author":1,"featured_media":285,"parent":408,"menu_order":2,"comment_status":"closed","ping_status":"closed","template":"onecolumn-page.php","meta":{"footnotes":""},"class_list":["post-415","page","type-page","status-publish","has-post-thumbnail","hentry"],"_links":{"self":[{"href":"https:\/\/rautila.fi\/index.php\/wp-json\/wp\/v2\/pages\/415","targetHints":{"allow":["GET"]}}],"collection":[{"href":"https:\/\/rautila.fi\/index.php\/wp-json\/wp\/v2\/pages"}],"about":[{"href":"https:\/\/rautila.fi\/index.php\/wp-json\/wp\/v2\/types\/page"}],"author":[{"embeddable":true,"href":"https:\/\/rautila.fi\/index.php\/wp-json\/wp\/v2\/users\/1"}],"replies":[{"embeddable":true,"href":"https:\/\/rautila.fi\/index.php\/wp-json\/wp\/v2\/comments?post=415"}],"version-history":[{"count":10,"href":"https:\/\/rautila.fi\/index.php\/wp-json\/wp\/v2\/pages\/415\/revisions"}],"predecessor-version":[{"id":1104,"href":"https:\/\/rautila.fi\/index.php\/wp-json\/wp\/v2\/pages\/415\/revisions\/1104"}],"up":[{"embeddable":true,"href":"https:\/\/rautila.fi\/index.php\/wp-json\/wp\/v2\/pages\/408"}],"wp:featuredmedia":[{"embeddable":true,"href":"https:\/\/rautila.fi\/index.php\/wp-json\/wp\/v2\/media\/285"}],"wp:attachment":[{"href":"https:\/\/rautila.fi\/index.php\/wp-json\/wp\/v2\/media?parent=415"}],"curies":[{"name":"wp","href":"https:\/\/api.w.org\/{rel}","templated":true}]}}

112-päivä

<p>Järjestämme yhteistyössä Rautilan VPK:n kanssa vuosittain 112-päivätapahtuman helmikuussa. Rautilan VPK:n ohjelmassa on valistusta, kalustoesittely, toimintanäytöksiä, ohjelmaa lapsille sekä kahvitarjoilu. Kyläyhdistys on huolehtinut keitto- ja makkarapuffetista, sekä arpajaisista.</p>



<p><a href="https://www.facebook.com/rautilanvpk">https://www.facebook.com/rautilanvpk</a></p>



<figure class="wp-block-gallery has-nested-images columns-default is-cropped wp-block-gallery-1 is-layout-flex wp-block-gallery-is-layout-flex">
<figure class="wp-block-image size-large"><img loading="lazy" decoding="async" width="1024" height="768" data-id="894" src="https://rautila.fi/wp-content/uploads/2024/05/napakelkka2024-1024x768.jpg" alt="" class="wp-image-894" srcset="https://rautila.fi/wp-content/uploads/2024/05/napakelkka2024-1024x768.jpg 1024w, https://rautila.fi/wp-content/uploads/2024/05/napakelkka2024-300x225.jpg 300w, https://rautila.fi/wp-content/uploads/2024/05/napakelkka2024-768x576.jpg 768w, https://rautila.fi/wp-content/uploads/2024/05/napakelkka2024-1536x1152.jpg 1536w, https://rautila.fi/wp-content/uploads/2024/05/napakelkka2024.jpg 1600w" sizes="auto, (max-width: 1024px) 100vw, 1024px" /><figcaption class="wp-element-caption">Napakelkka 2024</figcaption></figure>



<figure class="wp-block-image size-large"><img loading="lazy" decoding="async" width="300" height="200" data-id="285" src="https://rautila.fi/wp-content/uploads/2023/05/ystavanpaiva-112-paloauto.jpg" alt="" class="wp-image-285"/><figcaption class="wp-element-caption">Rautilan VPK</figcaption></figure>
</figure>



<p></p>



<p></p>

<p>Järjestämme yhteistyössä Rautilan VPK:n kanssa vuosittain 112-päivätapahtuman helmikuussa. Rautilan VPK:n ohjelmassa on valistusta, kalustoesittely, toimintanäytöksiä, ohjelmaa lapsille sekä kahvitarjoilu. Kyläyhdistys on huolehtinut keitto- ja makkarapuffetista, sekä arpajaisista. https://www.facebook.com/rautilanvpk</p>
