{"id":411,"date":"2023-05-07T17:42:40","date_gmt":"2023-05-07T17:42:40","guid":{"rendered":"https:\/\/rautila.fi\/wordpress\/?page_id=411"},"modified":"2025-08-29T07:58:15","modified_gmt":"2025-08-29T07:58:15","slug":"syysmarkkinat","status":"publish","type":"page","link":"https:\/\/rautila.fi\/index.php\/tapahtumat\/syysmarkkinat\/","title":{"rendered":"Syysmarkkinat 2025"},"content":{"rendered":"\n<hr class=\"wp-block-separator has-alpha-channel-opacity\"\/>\n\n\n\n<p><strong>Syysmarkkinat Vehmassalmella<\/strong><\/p>\n\n\n\n<p>Perinteiset Rautilan Syysmarkkinat j\u00e4lleen tulossa sunnuntaina <strong>7.9.2025 klo 11-14 <\/strong>Vehmassalmen tanssipaviljongilla<\/p>\n\n\n\n<p>Myyt\u00e4v\u00e4n\u00e4 k\u00e4sit\u00f6it\u00e4, asusteita, sisustustavaraa, koruja, puut\u00f6it\u00e4, leivonnaisia, hilloja sek\u00e4 paljon muuta.<br>Markkinameiningin lis\u00e4ksi kyl\u00e4yhdistyksen j\u00e4rjest\u00e4m\u00e4t arpajaiset ja puffetti. Puffetista saatavissa keittoa sek\u00e4 suolaisia ja makeita leivonnaisia, ulkona grillist\u00e4 herkullista grillimakkaraa. <\/p>\n\n\n\n<p>Rautilan VPK esittelee kalustoaan, esittelyss\u00e4 mm. uuden uutukainen pelastusvene. VPK:n naiset paistavat suussa sulavia vohveleita.<\/p>\n\n\n\n<p>Syysmarkkinat juontaa Pirkko Tammelin.<br><\/p>\n\n\n\n<p>Markkinoilla kaksi upeaa muotin\u00e4yt\u00f6st\u00e4:<\/p>\n\n\n\n<ul class=\"wp-block-list\">\n<li>klo 12 Vaateliike Seepra<\/li>\n\n\n\n<li>klo 13 Merineule<\/li>\n<\/ul>\n\n\n\n<p><strong>TERVETULOA!<\/strong><\/p>\n\n\n\n<p>Lis\u00e4tiedot ja paikkavaraukset p. 050 567 3063 pirkko.tammelin (at) rautila.fi<\/p>\n\n\n\n<figure class=\"wp-block-gallery has-nested-images columns-default is-cropped wp-block-gallery-1 is-layout-flex wp-block-gallery-is-layout-flex\"><\/figure>\n","protected":false},"excerpt":{"rendered":"<p>Syysmarkkinat Vehmassalmella Perinteiset Rautilan Syysmarkkinat j\u00e4lleen tulossa sunnuntaina 7.9.2025 klo 11-14 Vehmassalmen tanssipaviljongilla Myyt\u00e4v\u00e4n\u00e4 k\u00e4sit\u00f6it\u00e4, asusteita, sisustustavaraa, koruja, puut\u00f6it\u00e4, leivonnaisia, hilloja sek\u00e4 paljon muuta.Markkinameiningin lis\u00e4ksi kyl\u00e4yhdistyksen j\u00e4rjest\u00e4m\u00e4t arpajaiset ja puffetti. Puffetista saatavissa keittoa sek\u00e4 suolaisia ja makeita leivonnaisia, ulkona grillist\u00e4 &hellip; <a href=\"https:\/\/rautila.fi\/index.php\/tapahtumat\/syysmarkkinat\/\">Lue loppuun <span class=\"meta-nav\">&rarr;<\/span><\/a><\/p>\n","protected":false},"author":1,"featured_media":483,"parent":408,"menu_order":1,"comment_status":"closed","ping_status":"closed","template":"onecolumn-page.php","meta":{"footnotes":""},"class_list":["post-411","page","type-page","status-publish","has-post-thumbnail","hentry"],"_links":{"self":[{"href":"https:\/\/rautila.fi\/index.php\/wp-json\/wp\/v2\/pages\/411","targetHints":{"allow":["GET"]}}],"collection":[{"href":"https:\/\/rautila.fi\/index.php\/wp-json\/wp\/v2\/pages"}],"about":[{"href":"https:\/\/rautila.fi\/index.php\/wp-json\/wp\/v2\/types\/page"}],"author":[{"embeddable":true,"href":"https:\/\/rautila.fi\/index.php\/wp-json\/wp\/v2\/users\/1"}],"replies":[{"embeddable":true,"href":"https:\/\/rautila.fi\/index.php\/wp-json\/wp\/v2\/comments?post=411"}],"version-history":[{"count":19,"href":"https:\/\/rautila.fi\/index.php\/wp-json\/wp\/v2\/pages\/411\/revisions"}],"predecessor-version":[{"id":1135,"href":"https:\/\/rautila.fi\/index.php\/wp-json\/wp\/v2\/pages\/411\/revisions\/1135"}],"up":[{"embeddable":true,"href":"https:\/\/rautila.fi\/index.php\/wp-json\/wp\/v2\/pages\/408"}],"wp:featuredmedia":[{"embeddable":true,"href":"https:\/\/rautila.fi\/index.php\/wp-json\/wp\/v2\/media\/483"}],"wp:attachment":[{"href":"https:\/\/rautila.fi\/index.php\/wp-json\/wp\/v2\/media?parent=411"}],"curies":[{"name":"wp","href":"https:\/\/api.w.org\/{rel}","templated":true}]}}

<hr class="wp-block-separator has-alpha-channel-opacity"/>



<p><strong>Syysmarkkinat Vehmassalmella</strong></p>



<p>Perinteiset Rautilan Syysmarkkinat jälleen tulossa sunnuntaina <strong>7.9.2025 klo 11-14 </strong>Vehmassalmen tanssipaviljongilla</p>



<p>Myytävänä käsitöitä, asusteita, sisustustavaraa, koruja, puutöitä, leivonnaisia, hilloja sekä paljon muuta.<br>Markkinameiningin lisäksi kyläyhdistyksen järjestämät arpajaiset ja puffetti. Puffetista saatavissa keittoa sekä suolaisia ja makeita leivonnaisia, ulkona grillistä herkullista grillimakkaraa. </p>



<p>Rautilan VPK esittelee kalustoaan, esittelyssä mm. uuden uutukainen pelastusvene. VPK:n naiset paistavat suussa sulavia vohveleita.</p>



<p>Syysmarkkinat juontaa Pirkko Tammelin.<br></p>



<p>Markkinoilla kaksi upeaa muotinäytöstä:</p>



<ul class="wp-block-list">
<li>klo 12 Vaateliike Seepra</li>



<li>klo 13 Merineule</li>
</ul>



<p><strong>TERVETULOA!</strong></p>



<p>Lisätiedot ja paikkavaraukset p. 050 567 3063 pirkko.tammelin (at) rautila.fi</p>



<figure class="wp-block-gallery has-nested-images columns-default is-cropped wp-block-gallery-1 is-layout-flex wp-block-gallery-is-layout-flex"></figure>

<p>Syysmarkkinat Vehmassalmella Perinteiset Rautilan Syysmarkkinat jälleen tulossa sunnuntaina 7.9.2025 klo 11-14 Vehmassalmen tanssipaviljongilla Myytävänä käsitöitä, asusteita, sisustustavaraa, koruja, puutöitä, leivonnaisia, hilloja sekä paljon muuta.Markkinameiningin lisäksi kyläyhdistyksen järjestämät arpajaiset ja puffetti. Puffetista saatavissa keittoa sekä suolaisia ja makeita leivonnaisia, ulkona grillistä &hellip; <a href="https://rautila.fi/index.php/tapahtumat/syysmarkkinat/">Lue loppuun <span class="meta-nav">&rarr;</span></a></p>
