{"id":396,"date":"2023-05-07T17:13:08","date_gmt":"2023-05-07T17:13:08","guid":{"rendered":"https:\/\/rautila.fi\/wordpress\/?page_id=396"},"modified":"2023-06-28T15:52:10","modified_gmt":"2023-06-28T15:52:10","slug":"v2015","status":"publish","type":"page","link":"https:\/\/rautila.fi\/index.php\/tapahtumat\/menneet-tapahtumat\/v2015\/","title":{"rendered":"2015"},"content":{"rendered":"\n<p><\/p>\n\n\n\n<p id=\"alku\"><strong>Puu- ja siivoustalkoot rantasaunalla 28.11. <\/strong>Kiitokset talkoov\u00e4elle: Veli-Matti A, Vesa A, Heikki J, Osmo K, Mervi N, Kimmo R, Ismo S, Helin\u00e4 S, Jukka V.<\/p>\n\n\n\n<figure class=\"wp-block-image\"><img decoding=\"async\" src=\"https:\/\/rautila.fi\/kuvat_rautila\/talkoot%20%20281115.jpg\" alt=\"\"\/><\/figure>\n\n\n\n<p><strong>Teimme pikkujouluretken pe 20.11.<\/strong> Domino-teatteriin Turkuun katsomaan Valtteri Roihan kirjoittamaa Luolamiehen ruuhkavuosia. Kristiinalle kiitos mukavasta kyydist\u00e4.<\/p>\n\n\n\n<h4 class=\"wp-block-heading\">Rautilan syysmarkkinat la 29.8. Vehmassalmen tanssipaviljongilla<\/h4>\n\n\n\n<ul class=\"wp-block-list\">\n<li>Ensimm\u00e4iset Rautilan-Irjalan kyl\u00e4yhdistyksen j\u00e4rjest\u00e4m\u00e4t Rautilan syysmarkkinat onnistuivat yli odotusten! Kiitokset kaikille osallistujille &#8211; niin taiteilijoille, myyjille, n\u00e4ytteilleasettajille, mannekiineille, k\u00e4vij\u00f6ille kuin j\u00e4rjestelyihin osallistuneille.<\/li>\n\n\n\n<li>Kiitokset arpajaispalkinnoista: S-Market Vehmaa, Merililian, Parturi-Kampaamo Kati ja Saariston Leip\u00e4.<\/li>\n\n\n\n<li>Kyl\u00e4yhdistyksen saunaviikonlopun voittivat tikkakisasta Matti Pelletvuori ja Olli \u00c4\u00e4risalo. Molemmilla tuloksena 38 pistett\u00e4.<\/li>\n<\/ul>\n\n\n\n<figure class=\"wp-block-image\"><img decoding=\"async\" src=\"https:\/\/rautila.fi\/kuvat_rautila\/yleiso2.jpg\" alt=\"\"\/><\/figure>\n\n\n\n<figure class=\"wp-block-image\"><img decoding=\"async\" src=\"https:\/\/rautila.fi\/kuvat_rautila\/yleiso1.jpg\" alt=\"\"\/><\/figure>\n\n\n\n<figure class=\"wp-block-image\"><img decoding=\"async\" src=\"https:\/\/rautila.fi\/kuvat_rautila\/Rautilan syysmarkkinat\/Helja.jpg\" alt=\"\"\/><\/figure>\n\n\n\n<figure class=\"wp-block-image\"><img decoding=\"async\" src=\"https:\/\/rautila.fi\/kuvat_rautila\/Rautilan syysmarkkinat\/oheis.jpg\" alt=\"\"\/><\/figure>\n\n\n\n<figure class=\"wp-block-image\"><img decoding=\"async\" src=\"https:\/\/rautila.fi\/kuvat_rautila\/Rautilan syysmarkkinat\/huovinen.jpg\" alt=\"\"\/><\/figure>\n\n\n\n<figure class=\"wp-block-image\"><img decoding=\"async\" src=\"https:\/\/rautila.fi\/kuvat_rautila\/Rautilan syysmarkkinat\/mannila.jpg\" alt=\"\"\/><\/figure>\n\n\n\n<figure class=\"wp-block-image\"><img decoding=\"async\" src=\"https:\/\/rautila.fi\/kuvat\/Rautilan syysmarkkinat\/vikainen.jpg\" alt=\"\"\/><\/figure>\n\n\n\n<figure class=\"wp-block-image\"><img decoding=\"async\" src=\"https:\/\/rautila.fi\/kuvat_rautila\/Rautilan syysmarkkinat\/seppa.jpg\" alt=\"\"\/><\/figure>\n\n\n\n<figure class=\"wp-block-image\"><img decoding=\"async\" src=\"https:\/\/rautila.fi\/kuvat_rautila\/Rautilan syysmarkkinat\/lahiruokaa.jpg\" alt=\"\"\/><\/figure>\n\n\n\n<figure class=\"wp-block-image\"><img decoding=\"async\" src=\"https:\/\/rautila.fi\/kuvat_rautila\/Rautilan syysmarkkinat\/margareetta.jpg\" alt=\"\"\/><\/figure>\n\n\n\n<figure class=\"wp-block-image\"><img decoding=\"async\" src=\"https:\/\/rautila.fi\/kuvat_rautila\/Rautilan syysmarkkinat\/seepramallit.jpg\" alt=\"\"\/><\/figure>\n\n\n\n<figure class=\"wp-block-image\"><img decoding=\"async\" src=\"https:\/\/rautila.fi\/kuvat\/Rautilan syysmarkkinat\/asmimallit.jpg\" alt=\"\"\/><\/figure>\n\n\n\n<hr class=\"wp-block-separator has-alpha-channel-opacity\"\/>\n\n\n\n<figure class=\"wp-block-image\"><img decoding=\"async\" src=\"https:\/\/rautila.fi\/kuvat_rautila\/marcato ja gron.jpg\" alt=\"\"\/><\/figure>\n\n\n\n<p><strong>Nostagiatansseissa la 25.7.<\/strong> Vehmassalmen tanssipaviljongilla esiintyiv\u00e4t Umberto Marcato ja Eino Gr\u00f6n orkestereineen. Kyl\u00e4yhdistyksen pit\u00e4m\u00e4ss\u00e4 puffetissa ja makkaramyynniss\u00e4 mukava vipin\u00e4.<\/p>\n\n\n\n<hr class=\"wp-block-separator has-alpha-channel-opacity\"\/>\n\n\n\n<figure class=\"wp-block-image\"><img decoding=\"async\" src=\"https:\/\/rautila.fi\/kuvat_rautila\/Laajoenummen suutarit.jpg\" alt=\"\"\/><\/figure>\n\n\n\n<p><strong>Retki Laajoen kes\u00e4teatteriin ke 22.7<\/strong>. katsomaan Laajoenummen suutareita. T\u00e4n\u00e4 vuonna Rannan Tapsa ajoi hevosta. Retkel\u00e4isi\u00e4 oli Simolan ison bussin verran.<\/p>\n\n\n\n<hr class=\"wp-block-separator has-alpha-channel-opacity\"\/>\n\n\n\n<figure class=\"wp-block-image\"><img decoding=\"async\" src=\"https:\/\/rautila.fi\/kuvat_rautila\/HV2015ryhma.jpg\" alt=\"\"\/><\/figure>\n\n\n\n<figure class=\"wp-block-image\"><img decoding=\"async\" src=\"https:\/\/rautila.fi\/kuvat_rautila\/HV2015kori.jpg\" alt=\"\"\/><\/figure>\n\n\n\n<figure class=\"wp-block-image\"><img decoding=\"async\" src=\"https:\/\/rautila.fi\/kuvat_rautila\/HV2015kukkalaatikko.jpg\" alt=\"\"\/><\/figure>\n\n\n\n<p><strong>Hyv\u00e4\u00e4 Vehmaalla -tapahtumassa la 13.6.<\/strong> arpajaiset sek\u00e4 linnunp\u00f6ntt\u00f6jen ja t-paitojen myynti\u00e4.<\/p>\n\n\n\n<p>Kiitokset arpajaispalkintojen lahjoittajille: Kalannin S\u00e4\u00e4st\u00f6pankki, Manun kestokaluste, Merililian, Parturi-kampaamo Kati, PK-Puu, Rautilan Puusep\u00e4t, Siwa, S-Market Vehmaa, ST1, Tee Tee Palvelut, Torpparin Tupa, Turun Seudun Osuuspankki Vehmaan konttori, Vehmaan apteekki, Vehmaan kirjasto, Vilu Cafe, Vilumarket<\/p>\n\n\n\n<hr class=\"wp-block-separator has-alpha-channel-opacity\"\/>\n\n\n\n<figure class=\"wp-block-image\"><img decoding=\"async\" src=\"https:\/\/rautila.fi\/kuvat_rautila\/sauvakavely15.jpg\" alt=\"\"\/><\/figure>\n\n\n\n<figure class=\"wp-block-image\"><img decoding=\"async\" src=\"https:\/\/rautila.fi\/kuvat\/jooga15.jpg\" alt=\"\"\/><\/figure>\n\n\n\n<figure class=\"wp-block-image\"><img decoding=\"async\" src=\"https:\/\/rautila.fi\/kuvat_rautila\/kuntosali15.jpg\" alt=\"\"\/><\/figure>\n\n\n\n<figure class=\"wp-block-image\"><img decoding=\"async\" src=\"https:\/\/rautila.fi\/kuvat_rautila\/frisbeegolf15.jpg\" alt=\"\"\/><\/figure>\n\n\n\n<figure class=\"wp-block-image\"><img decoding=\"async\" src=\"https:\/\/rautila.fi\/kuvat_rautila\/tennis15.jpg\" alt=\"\"\/><\/figure>\n\n\n\n<figure class=\"wp-block-image\"><img decoding=\"async\" src=\"https:\/\/rautila.fi\/kuvat_rautila\/tikanheitto15.jpg\" alt=\"\"\/><\/figure>\n\n\n\n<p><strong>Avoimet kyl\u00e4t la 6.6.<\/strong> rantasaunalla. Liikunnallisessa ohjelmassa oli sauvak\u00e4vely\u00e4, joogaa, tennist\u00e4, frisbeegolfia, VPK:n kuntosalia, melontaa ja uintia saunan kera. Jussi esitteli kyl\u00e4yhdistyksen toimintaa. Lis\u00e4ksi kunnan tonttiesittely.<\/p>\n\n\n\n<hr class=\"wp-block-separator has-alpha-channel-opacity\"\/>\n\n\n\n<figure class=\"wp-block-image\"><img decoding=\"async\" src=\"https:\/\/rautila.fi\/kuvat_rautila\/talkoot k15.jpg\" alt=\"\"\/><\/figure>\n\n\n\n<p><strong>Puu- ja siivoustalkoot<\/strong> saunalla 16.5. klo 9-16. Polttopuita tehtiin klapi- ja halkomakoneen voimin, siivottiin uimaranta ja sen ymp\u00e4rist\u00f6 sek\u00e4 siivottiin sis\u00e4tilat. V\u00e4lill\u00e4 nautittiin Helin\u00e4n tekem\u00e4\u00e4 perunasoppaa. Kiitokset runsaslukuiselle talkoov\u00e4elle: Veli-Matti A, Vesa A, Olli-Pekka A, Heikki J, Veikko K, Osmo K, Tuula K, Eeva L, Marja-Leena M, Mervi N, Pirjo-Riitta P, Kati R, Kimmo R, Oiva R, Monica S, Helin\u00e4 S, Jali S, Jukka V ja Teija V.<\/p>\n\n\n\n<hr class=\"wp-block-separator has-alpha-channel-opacity\"\/>\n\n\n\n<figure class=\"wp-block-image\"><img decoding=\"async\" src=\"https:\/\/rautila.fi\/kuvat_rautila\/112-tapahtuma.jpg\" alt=\"\"\/><\/figure>\n\n\n\n<p><strong>112-tapahtuma<\/strong> oli Rautilan VPK:lla Laskiaissunnuntaina 15.2. klo 11-15. Kyl\u00e4yhdistyksell\u00e4 oli hernekeitto- ja makkarapuffetti, jossa pidettiin my\u00f6s arpajaiset ja myytiin erikokoisia linnunp\u00f6ntt\u00f6j\u00e4. P\u00f6ntt\u00f6pajassa lapsilla oli mahdollisuus askarrella itse linnunp\u00f6ntt\u00f6. Hyv\u00e4 talvikeli mahdollisti m\u00e4enlaskun. Rautilan VPK esitteli kalustoa, ajelutti lapsia ja lapsenmielisi\u00e4 m\u00f6nkk\u00e4rill\u00e4 ja paloautolla, ja tarjosi kahvit.<\/p>\n\n\n\n<p>Kiitokset arpajaispalkintoja lahjoittaneille: Kalannin S\u00e4\u00e4st\u00f6pankki, Rautilan puusep\u00e4t, St1, Turun Seudun Osuuskauppa, Turun Seudun Osuuspankki, Vilu-market.<\/p>\n\n\n\n<p><a href=\"#alku\">[Sivun alkuun]<\/a><\/p>\n","protected":false},"excerpt":{"rendered":"<p>Puu- ja siivoustalkoot rantasaunalla 28.11. Kiitokset talkoov\u00e4elle: Veli-Matti A, Vesa A, Heikki J, Osmo K, Mervi N, Kimmo R, Ismo S, Helin\u00e4 S, Jukka V. Teimme pikkujouluretken pe 20.11. Domino-teatteriin Turkuun katsomaan Valtteri Roihan kirjoittamaa Luolamiehen ruuhkavuosia. Kristiinalle kiitos mukavasta &hellip; <a href=\"https:\/\/rautila.fi\/index.php\/tapahtumat\/menneet-tapahtumat\/v2015\/\">Lue loppuun <span class=\"meta-nav\">&rarr;<\/span><\/a><\/p>\n","protected":false},"author":1,"featured_media":0,"parent":21,"menu_order":8,"comment_status":"closed","ping_status":"closed","template":"onecolumn-page.php","meta":{"footnotes":""},"class_list":["post-396","page","type-page","status-publish","hentry"],"_links":{"self":[{"href":"https:\/\/rautila.fi\/index.php\/wp-json\/wp\/v2\/pages\/396","targetHints":{"allow":["GET"]}}],"collection":[{"href":"https:\/\/rautila.fi\/index.php\/wp-json\/wp\/v2\/pages"}],"about":[{"href":"https:\/\/rautila.fi\/index.php\/wp-json\/wp\/v2\/types\/page"}],"author":[{"embeddable":true,"href":"https:\/\/rautila.fi\/index.php\/wp-json\/wp\/v2\/users\/1"}],"replies":[{"embeddable":true,"href":"https:\/\/rautila.fi\/index.php\/wp-json\/wp\/v2\/comments?post=396"}],"version-history":[{"count":5,"href":"https:\/\/rautila.fi\/index.php\/wp-json\/wp\/v2\/pages\/396\/revisions"}],"predecessor-version":[{"id":670,"href":"https:\/\/rautila.fi\/index.php\/wp-json\/wp\/v2\/pages\/396\/revisions\/670"}],"up":[{"embeddable":true,"href":"https:\/\/rautila.fi\/index.php\/wp-json\/wp\/v2\/pages\/21"}],"wp:attachment":[{"href":"https:\/\/rautila.fi\/index.php\/wp-json\/wp\/v2\/media?parent=396"}],"curies":[{"name":"wp","href":"https:\/\/api.w.org\/{rel}","templated":true}]}}

<p></p>



<p id="alku"><strong>Puu- ja siivoustalkoot rantasaunalla 28.11. </strong>Kiitokset talkooväelle: Veli-Matti A, Vesa A, Heikki J, Osmo K, Mervi N, Kimmo R, Ismo S, Helinä S, Jukka V.</p>



<figure class="wp-block-image"><img decoding="async" src="https://rautila.fi/kuvat_rautila/talkoot%20%20281115.jpg" alt=""/></figure>



<p><strong>Teimme pikkujouluretken pe 20.11.</strong> Domino-teatteriin Turkuun katsomaan Valtteri Roihan kirjoittamaa Luolamiehen ruuhkavuosia. Kristiinalle kiitos mukavasta kyydistä.</p>



<h4 class="wp-block-heading">Rautilan syysmarkkinat la 29.8. Vehmassalmen tanssipaviljongilla</h4>



<ul class="wp-block-list">
<li>Ensimmäiset Rautilan-Irjalan kyläyhdistyksen järjestämät Rautilan syysmarkkinat onnistuivat yli odotusten! Kiitokset kaikille osallistujille &#8211; niin taiteilijoille, myyjille, näytteilleasettajille, mannekiineille, kävijöille kuin järjestelyihin osallistuneille.</li>



<li>Kiitokset arpajaispalkinnoista: S-Market Vehmaa, Merililian, Parturi-Kampaamo Kati ja Saariston Leipä.</li>



<li>Kyläyhdistyksen saunaviikonlopun voittivat tikkakisasta Matti Pelletvuori ja Olli Äärisalo. Molemmilla tuloksena 38 pistettä.</li>
</ul>



<figure class="wp-block-image"><img decoding="async" src="https://rautila.fi/kuvat_rautila/yleiso2.jpg" alt=""/></figure>



<figure class="wp-block-image"><img decoding="async" src="https://rautila.fi/kuvat_rautila/yleiso1.jpg" alt=""/></figure>



<figure class="wp-block-image"><img decoding="async" src="https://rautila.fi/kuvat_rautila/Rautilan syysmarkkinat/Helja.jpg" alt=""/></figure>



<figure class="wp-block-image"><img decoding="async" src="https://rautila.fi/kuvat_rautila/Rautilan syysmarkkinat/oheis.jpg" alt=""/></figure>



<figure class="wp-block-image"><img decoding="async" src="https://rautila.fi/kuvat_rautila/Rautilan syysmarkkinat/huovinen.jpg" alt=""/></figure>



<figure class="wp-block-image"><img decoding="async" src="https://rautila.fi/kuvat_rautila/Rautilan syysmarkkinat/mannila.jpg" alt=""/></figure>



<figure class="wp-block-image"><img decoding="async" src="https://rautila.fi/kuvat/Rautilan syysmarkkinat/vikainen.jpg" alt=""/></figure>



<figure class="wp-block-image"><img decoding="async" src="https://rautila.fi/kuvat_rautila/Rautilan syysmarkkinat/seppa.jpg" alt=""/></figure>



<figure class="wp-block-image"><img decoding="async" src="https://rautila.fi/kuvat_rautila/Rautilan syysmarkkinat/lahiruokaa.jpg" alt=""/></figure>



<figure class="wp-block-image"><img decoding="async" src="https://rautila.fi/kuvat_rautila/Rautilan syysmarkkinat/margareetta.jpg" alt=""/></figure>



<figure class="wp-block-image"><img decoding="async" src="https://rautila.fi/kuvat_rautila/Rautilan syysmarkkinat/seepramallit.jpg" alt=""/></figure>



<figure class="wp-block-image"><img decoding="async" src="https://rautila.fi/kuvat/Rautilan syysmarkkinat/asmimallit.jpg" alt=""/></figure>



<hr class="wp-block-separator has-alpha-channel-opacity"/>



<figure class="wp-block-image"><img decoding="async" src="https://rautila.fi/kuvat_rautila/marcato ja gron.jpg" alt=""/></figure>



<p><strong>Nostagiatansseissa la 25.7.</strong> Vehmassalmen tanssipaviljongilla esiintyivät Umberto Marcato ja Eino Grön orkestereineen. Kyläyhdistyksen pitämässä puffetissa ja makkaramyynnissä mukava vipinä.</p>



<hr class="wp-block-separator has-alpha-channel-opacity"/>



<figure class="wp-block-image"><img decoding="async" src="https://rautila.fi/kuvat_rautila/Laajoenummen suutarit.jpg" alt=""/></figure>



<p><strong>Retki Laajoen kesäteatteriin ke 22.7</strong>. katsomaan Laajoenummen suutareita. Tänä vuonna Rannan Tapsa ajoi hevosta. Retkeläisiä oli Simolan ison bussin verran.</p>



<hr class="wp-block-separator has-alpha-channel-opacity"/>



<figure class="wp-block-image"><img decoding="async" src="https://rautila.fi/kuvat_rautila/HV2015ryhma.jpg" alt=""/></figure>



<figure class="wp-block-image"><img decoding="async" src="https://rautila.fi/kuvat_rautila/HV2015kori.jpg" alt=""/></figure>



<figure class="wp-block-image"><img decoding="async" src="https://rautila.fi/kuvat_rautila/HV2015kukkalaatikko.jpg" alt=""/></figure>



<p><strong>Hyvää Vehmaalla -tapahtumassa la 13.6.</strong> arpajaiset sekä linnunpönttöjen ja t-paitojen myyntiä.</p>



<p>Kiitokset arpajaispalkintojen lahjoittajille: Kalannin Säästöpankki, Manun kestokaluste, Merililian, Parturi-kampaamo Kati, PK-Puu, Rautilan Puusepät, Siwa, S-Market Vehmaa, ST1, Tee Tee Palvelut, Torpparin Tupa, Turun Seudun Osuuspankki Vehmaan konttori, Vehmaan apteekki, Vehmaan kirjasto, Vilu Cafe, Vilumarket</p>



<hr class="wp-block-separator has-alpha-channel-opacity"/>



<figure class="wp-block-image"><img decoding="async" src="https://rautila.fi/kuvat_rautila/sauvakavely15.jpg" alt=""/></figure>



<figure class="wp-block-image"><img decoding="async" src="https://rautila.fi/kuvat/jooga15.jpg" alt=""/></figure>



<figure class="wp-block-image"><img decoding="async" src="https://rautila.fi/kuvat_rautila/kuntosali15.jpg" alt=""/></figure>



<figure class="wp-block-image"><img decoding="async" src="https://rautila.fi/kuvat_rautila/frisbeegolf15.jpg" alt=""/></figure>



<figure class="wp-block-image"><img decoding="async" src="https://rautila.fi/kuvat_rautila/tennis15.jpg" alt=""/></figure>



<figure class="wp-block-image"><img decoding="async" src="https://rautila.fi/kuvat_rautila/tikanheitto15.jpg" alt=""/></figure>



<p><strong>Avoimet kylät la 6.6.</strong> rantasaunalla. Liikunnallisessa ohjelmassa oli sauvakävelyä, joogaa, tennistä, frisbeegolfia, VPK:n kuntosalia, melontaa ja uintia saunan kera. Jussi esitteli kyläyhdistyksen toimintaa. Lisäksi kunnan tonttiesittely.</p>



<hr class="wp-block-separator has-alpha-channel-opacity"/>



<figure class="wp-block-image"><img decoding="async" src="https://rautila.fi/kuvat_rautila/talkoot k15.jpg" alt=""/></figure>



<p><strong>Puu- ja siivoustalkoot</strong> saunalla 16.5. klo 9-16. Polttopuita tehtiin klapi- ja halkomakoneen voimin, siivottiin uimaranta ja sen ympäristö sekä siivottiin sisätilat. Välillä nautittiin Helinän tekemää perunasoppaa. Kiitokset runsaslukuiselle talkooväelle: Veli-Matti A, Vesa A, Olli-Pekka A, Heikki J, Veikko K, Osmo K, Tuula K, Eeva L, Marja-Leena M, Mervi N, Pirjo-Riitta P, Kati R, Kimmo R, Oiva R, Monica S, Helinä S, Jali S, Jukka V ja Teija V.</p>



<hr class="wp-block-separator has-alpha-channel-opacity"/>



<figure class="wp-block-image"><img decoding="async" src="https://rautila.fi/kuvat_rautila/112-tapahtuma.jpg" alt=""/></figure>



<p><strong>112-tapahtuma</strong> oli Rautilan VPK:lla Laskiaissunnuntaina 15.2. klo 11-15. Kyläyhdistyksellä oli hernekeitto- ja makkarapuffetti, jossa pidettiin myös arpajaiset ja myytiin erikokoisia linnunpönttöjä. Pönttöpajassa lapsilla oli mahdollisuus askarrella itse linnunpönttö. Hyvä talvikeli mahdollisti mäenlaskun. Rautilan VPK esitteli kalustoa, ajelutti lapsia ja lapsenmielisiä mönkkärillä ja paloautolla, ja tarjosi kahvit.</p>



<p>Kiitokset arpajaispalkintoja lahjoittaneille: Kalannin Säästöpankki, Rautilan puusepät, St1, Turun Seudun Osuuskauppa, Turun Seudun Osuuspankki, Vilu-market.</p>



<p><a href="#alku">[Sivun alkuun]</a></p>

<p>Puu- ja siivoustalkoot rantasaunalla 28.11. Kiitokset talkooväelle: Veli-Matti A, Vesa A, Heikki J, Osmo K, Mervi N, Kimmo R, Ismo S, Helinä S, Jukka V. Teimme pikkujouluretken pe 20.11. Domino-teatteriin Turkuun katsomaan Valtteri Roihan kirjoittamaa Luolamiehen ruuhkavuosia. Kristiinalle kiitos mukavasta &hellip; <a href="https://rautila.fi/index.php/tapahtumat/menneet-tapahtumat/v2015/">Lue loppuun <span class="meta-nav">&rarr;</span></a></p>
