{"id":21,"date":"2023-04-21T12:35:50","date_gmt":"2023-04-21T12:35:50","guid":{"rendered":"https:\/\/rautila.fi\/wordpress\/?page_id=21"},"modified":"2026-03-04T14:10:11","modified_gmt":"2026-03-04T14:10:11","slug":"menneet-tapahtumat","status":"publish","type":"page","link":"https:\/\/rautila.fi\/index.php\/tapahtumat\/menneet-tapahtumat\/","title":{"rendered":"Menneet tapahtumat"},"content":{"rendered":"\r\n<p>&nbsp;<\/p>\r\n\r\n\r\n\r\n<p><strong>VUONNA 2025<\/strong><\/p>\r\n<p>Mietoisten hyv\u00e4nmielen joulumarkkinoilla <strong>13.12.<\/strong> kaupiteltiin kakkuja.<\/p>\r\n<p><img loading=\"lazy\" decoding=\"async\" class=\"alignnone  wp-image-1187\" src=\"https:\/\/rautila.fi\/wp-content\/uploads\/2026\/03\/Mamis-2025.jpg\" alt=\"\" width=\"461\" height=\"615\" srcset=\"https:\/\/rautila.fi\/wp-content\/uploads\/2026\/03\/Mamis-2025.jpg 1200w, https:\/\/rautila.fi\/wp-content\/uploads\/2026\/03\/Mamis-2025-225x300.jpg 225w, https:\/\/rautila.fi\/wp-content\/uploads\/2026\/03\/Mamis-2025-768x1024.jpg 768w, https:\/\/rautila.fi\/wp-content\/uploads\/2026\/03\/Mamis-2025-1152x1536.jpg 1152w\" sizes=\"auto, (max-width: 461px) 100vw, 461px\" \/><\/p>\r\n<p>&nbsp;<\/p>\r\n<p>Vehmaan perinteisess\u00e4 joulunavauksessa <strong>29.11.<\/strong> myytiin sein\u00e4kalentereita vuodelle 2026 sek\u00e4 kakkuja.<\/p>\r\n<div id=\"attachment_1184\" style=\"width: 483px\" class=\"wp-caption alignnone\"><img loading=\"lazy\" decoding=\"async\" aria-describedby=\"caption-attachment-1184\" class=\" wp-image-1184\" src=\"https:\/\/rautila.fi\/wp-content\/uploads\/2026\/03\/Joulun-avaus-29.11.25.jpg\" alt=\"\" width=\"473\" height=\"495\" srcset=\"https:\/\/rautila.fi\/wp-content\/uploads\/2026\/03\/Joulun-avaus-29.11.25.jpg 1080w, https:\/\/rautila.fi\/wp-content\/uploads\/2026\/03\/Joulun-avaus-29.11.25-286x300.jpg 286w, https:\/\/rautila.fi\/wp-content\/uploads\/2026\/03\/Joulun-avaus-29.11.25-978x1024.jpg 978w, https:\/\/rautila.fi\/wp-content\/uploads\/2026\/03\/Joulun-avaus-29.11.25-768x804.jpg 768w\" sizes=\"auto, (max-width: 473px) 100vw, 473px\" \/><p id=\"caption-attachment-1184\" class=\"wp-caption-text\">Kuva: Soila Jaakkola<\/p><\/div>\r\n<p>&nbsp;<\/p>\r\n<p>Saunaremontti valmistui <strong>joulukuussa 2025<\/strong> ja kyll\u00e4 on komiaa.<\/p>\r\n<div id=\"attachment_1185\" style=\"width: 485px\" class=\"wp-caption alignnone\"><img loading=\"lazy\" decoding=\"async\" aria-describedby=\"caption-attachment-1185\" class=\" wp-image-1185\" src=\"https:\/\/rautila.fi\/wp-content\/uploads\/2026\/03\/Sauna-1-valmis-2025-scaled.jpg\" alt=\"\" width=\"475\" height=\"357\" srcset=\"https:\/\/rautila.fi\/wp-content\/uploads\/2026\/03\/Sauna-1-valmis-2025-scaled.jpg 2560w, https:\/\/rautila.fi\/wp-content\/uploads\/2026\/03\/Sauna-1-valmis-2025-300x226.jpg 300w, https:\/\/rautila.fi\/wp-content\/uploads\/2026\/03\/Sauna-1-valmis-2025-1024x770.jpg 1024w, https:\/\/rautila.fi\/wp-content\/uploads\/2026\/03\/Sauna-1-valmis-2025-768x578.jpg 768w, https:\/\/rautila.fi\/wp-content\/uploads\/2026\/03\/Sauna-1-valmis-2025-1536x1155.jpg 1536w, https:\/\/rautila.fi\/wp-content\/uploads\/2026\/03\/Sauna-1-valmis-2025-2048x1540.jpg 2048w\" sizes=\"auto, (max-width: 475px) 100vw, 475px\" \/><p id=\"caption-attachment-1185\" class=\"wp-caption-text\">Komiat on lauteet.<\/p><\/div>\r\n<div id=\"attachment_1186\" style=\"width: 481px\" class=\"wp-caption alignnone\"><img loading=\"lazy\" decoding=\"async\" aria-describedby=\"caption-attachment-1186\" class=\" wp-image-1186\" src=\"https:\/\/rautila.fi\/wp-content\/uploads\/2026\/03\/Sauna-2-valmis-2025-scaled.jpg\" alt=\"\" width=\"471\" height=\"354\" srcset=\"https:\/\/rautila.fi\/wp-content\/uploads\/2026\/03\/Sauna-2-valmis-2025-scaled.jpg 2560w, https:\/\/rautila.fi\/wp-content\/uploads\/2026\/03\/Sauna-2-valmis-2025-300x226.jpg 300w, https:\/\/rautila.fi\/wp-content\/uploads\/2026\/03\/Sauna-2-valmis-2025-1024x770.jpg 1024w, https:\/\/rautila.fi\/wp-content\/uploads\/2026\/03\/Sauna-2-valmis-2025-768x578.jpg 768w, https:\/\/rautila.fi\/wp-content\/uploads\/2026\/03\/Sauna-2-valmis-2025-1536x1155.jpg 1536w, https:\/\/rautila.fi\/wp-content\/uploads\/2026\/03\/Sauna-2-valmis-2025-2048x1540.jpg 2048w\" sizes=\"auto, (max-width: 471px) 100vw, 471px\" \/><p id=\"caption-attachment-1186\" class=\"wp-caption-text\">Uutta<\/p><\/div>\r\n<p>&nbsp;<\/p>\r\n<p><strong>Syyskuussa<\/strong>, heti\u00a0 markkinoitten j\u00e4lkeen aloitettiin pitk\u00e4\u00e4n suunniteltu remontti rantasaunalla. Hommat aloitettiin purkutalkoilla.<\/p>\r\n<p><img loading=\"lazy\" decoding=\"async\" class=\"alignnone  wp-image-1145\" src=\"https:\/\/rautila.fi\/wp-content\/uploads\/2025\/10\/Rantasaunan-remontti.jpg\" alt=\"\" width=\"380\" height=\"331\" srcset=\"https:\/\/rautila.fi\/wp-content\/uploads\/2025\/10\/Rantasaunan-remontti.jpg 1764w, https:\/\/rautila.fi\/wp-content\/uploads\/2025\/10\/Rantasaunan-remontti-300x261.jpg 300w, https:\/\/rautila.fi\/wp-content\/uploads\/2025\/10\/Rantasaunan-remontti-1024x892.jpg 1024w, https:\/\/rautila.fi\/wp-content\/uploads\/2025\/10\/Rantasaunan-remontti-768x669.jpg 768w, https:\/\/rautila.fi\/wp-content\/uploads\/2025\/10\/Rantasaunan-remontti-1536x1337.jpg 1536w\" sizes=\"auto, (max-width: 380px) 100vw, 380px\" \/><\/p>\r\n<p><strong>07.09.2025<\/strong> j\u00e4rjestettiin <strong>syysmarkkinat<\/strong> Vehmassalmen lavalla. Tapahtuma onnistui loistavasti, v\u00e4ke\u00e4 k\u00e4vi runsaasti ja myyji\u00e4kin saatiin paljon paikalle.\u00a0<\/p>\r\n<p><img loading=\"lazy\" decoding=\"async\" class=\"alignnone  wp-image-1144\" src=\"https:\/\/rautila.fi\/wp-content\/uploads\/2025\/10\/Syymarkkinat-2026-1-1-scaled.jpg\" alt=\"\" width=\"396\" height=\"329\" srcset=\"https:\/\/rautila.fi\/wp-content\/uploads\/2025\/10\/Syymarkkinat-2026-1-1-scaled.jpg 2560w, https:\/\/rautila.fi\/wp-content\/uploads\/2025\/10\/Syymarkkinat-2026-1-1-300x249.jpg 300w, https:\/\/rautila.fi\/wp-content\/uploads\/2025\/10\/Syymarkkinat-2026-1-1-1024x852.jpg 1024w, https:\/\/rautila.fi\/wp-content\/uploads\/2025\/10\/Syymarkkinat-2026-1-1-768x639.jpg 768w, https:\/\/rautila.fi\/wp-content\/uploads\/2025\/10\/Syymarkkinat-2026-1-1-1536x1277.jpg 1536w, https:\/\/rautila.fi\/wp-content\/uploads\/2025\/10\/Syymarkkinat-2026-1-1-2048x1703.jpg 2048w\" sizes=\"auto, (max-width: 396px) 100vw, 396px\" \/><\/p>\r\n<div id=\"attachment_1143\" style=\"width: 403px\" class=\"wp-caption alignnone\"><img loading=\"lazy\" decoding=\"async\" aria-describedby=\"caption-attachment-1143\" class=\"wp-image-1143\" src=\"https:\/\/rautila.fi\/wp-content\/uploads\/2025\/10\/Syysmarkkinat-2026-2.jpg\" alt=\"\" width=\"393\" height=\"265\" srcset=\"https:\/\/rautila.fi\/wp-content\/uploads\/2025\/10\/Syysmarkkinat-2026-2.jpg 1600w, https:\/\/rautila.fi\/wp-content\/uploads\/2025\/10\/Syysmarkkinat-2026-2-300x203.jpg 300w, https:\/\/rautila.fi\/wp-content\/uploads\/2025\/10\/Syysmarkkinat-2026-2-1024x691.jpg 1024w, https:\/\/rautila.fi\/wp-content\/uploads\/2025\/10\/Syysmarkkinat-2026-2-768x518.jpg 768w, https:\/\/rautila.fi\/wp-content\/uploads\/2025\/10\/Syysmarkkinat-2026-2-1536x1037.jpg 1536w\" sizes=\"auto, (max-width: 393px) 100vw, 393px\" \/><p id=\"caption-attachment-1143\" class=\"wp-caption-text\">Markkinoilla oli kaksi muotin\u00e4yt\u00f6st\u00e4 joissa malleina yhdistyksen j\u00e4seni\u00e4. T\u00e4ss\u00e4 Merineuleen malleina Elina ja Roosa. Katsojia j\u00e4lleen suuri joukko.<\/p><\/div>\r\n<p>&nbsp;<\/p>\r\n<p><strong>06.09.2025<\/strong> osallistuttiin saunap\u00e4iv\u00e4 <strong>Avoimet lauteet<\/strong> -tapahtumaan. Sauna l\u00e4mmitettiin poikkeuksellisesti lauantaina ja v\u00e4ke\u00e4 k\u00e4vikin mukavasti. Pient\u00e4 puffettia pidettiin my\u00f6s, tarjolla kahvia + pullaa sek\u00e4 grillimakkaraa.<\/p>\r\n<p>Tapahtumassa p\u00e4\u00e4si tutustumaan Uudenkaupungin, Pyh\u00e4rannan, Laitilan ja Vehmaan monipuoliseen saunatarjontaan. P\u00e4iv\u00e4n aikana yksityiset, yritykset ja yhdistykset avasivat saunansa tapahtumavieraille \u2013 joko saunottavaksi tai muuten tutustuttavaksi. Tapahtuman organisoi Uudenkaupungin Vanhat Talot ry.<\/p>\r\n<p><img loading=\"lazy\" decoding=\"async\" class=\"alignnone size-full wp-image-1141\" src=\"https:\/\/rautila.fi\/wp-content\/uploads\/2025\/10\/Saunapaiva-logo.png\" alt=\"\" width=\"803\" height=\"516\" srcset=\"https:\/\/rautila.fi\/wp-content\/uploads\/2025\/10\/Saunapaiva-logo.png 803w, https:\/\/rautila.fi\/wp-content\/uploads\/2025\/10\/Saunapaiva-logo-300x193.png 300w, https:\/\/rautila.fi\/wp-content\/uploads\/2025\/10\/Saunapaiva-logo-768x494.png 768w\" sizes=\"auto, (max-width: 803px) 100vw, 803px\" \/><\/p>\r\n<p><strong>27.7.2025<\/strong> osallistuttiin Koko kyl\u00e4 py\u00f6r\u00e4ilee -tapahtumaan pit\u00e4m\u00e4ll\u00e4 buffettia rantasaunalla. P\u00e4iv\u00e4 oli suorastaan tukalan helteinen siksi myyntip\u00f6yd\u00e4ll\u00e4 vain n\u00e4ytekappaleet myyt\u00e4vist\u00e4 leivonnaisista \ud83d\ude0a<\/p>\r\n<div id=\"attachment_1130\" style=\"width: 2570px\" class=\"wp-caption alignnone\"><img loading=\"lazy\" decoding=\"async\" aria-describedby=\"caption-attachment-1130\" class=\"size-full wp-image-1130\" src=\"https:\/\/rautila.fi\/wp-content\/uploads\/2025\/08\/Koko-kyla-pyorailee-scaled.jpg\" alt=\"\" width=\"2560\" height=\"1682\" srcset=\"https:\/\/rautila.fi\/wp-content\/uploads\/2025\/08\/Koko-kyla-pyorailee-scaled.jpg 2560w, https:\/\/rautila.fi\/wp-content\/uploads\/2025\/08\/Koko-kyla-pyorailee-300x197.jpg 300w, https:\/\/rautila.fi\/wp-content\/uploads\/2025\/08\/Koko-kyla-pyorailee-1024x673.jpg 1024w, https:\/\/rautila.fi\/wp-content\/uploads\/2025\/08\/Koko-kyla-pyorailee-768x505.jpg 768w, https:\/\/rautila.fi\/wp-content\/uploads\/2025\/08\/Koko-kyla-pyorailee-1536x1009.jpg 1536w, https:\/\/rautila.fi\/wp-content\/uploads\/2025\/08\/Koko-kyla-pyorailee-2048x1346.jpg 2048w\" sizes=\"auto, (max-width: 2560px) 100vw, 2560px\" \/><p id=\"caption-attachment-1130\" class=\"wp-caption-text\">Iloiset myyj\u00e4tt\u00e4ret Tuula ja Mervi<\/p><\/div>\r\n<p>&nbsp;<\/p>\r\n<p><strong>26.7.2025<\/strong> tehtiin kes\u00e4retki jonka p\u00e4\u00e4kohteena oli Enkelipuisto P\u00f6yty\u00e4ll\u00e4. Enkelipuistossa on lukuisa m\u00e4\u00e4r\u00e4 ITE -taitelija Ky\u00f6sti Iitin upeita teoksia. Retkell\u00e4 k\u00e4ytiin my\u00f6s antiikki- ja vintagemyym\u00e4l\u00e4 Antiikki Ajattomassa sek\u00e4 lounastettiin Kaidanojan kartanossa.<\/p>\r\n<div id=\"attachment_1128\" style=\"width: 239px\" class=\"wp-caption alignnone\"><img loading=\"lazy\" decoding=\"async\" aria-describedby=\"caption-attachment-1128\" class=\" wp-image-1128\" src=\"https:\/\/rautila.fi\/wp-content\/uploads\/2025\/08\/Enkelipuisto-1-scaled.jpg\" alt=\"\" width=\"229\" height=\"304\" srcset=\"https:\/\/rautila.fi\/wp-content\/uploads\/2025\/08\/Enkelipuisto-1-scaled.jpg 1925w, https:\/\/rautila.fi\/wp-content\/uploads\/2025\/08\/Enkelipuisto-1-226x300.jpg 226w, https:\/\/rautila.fi\/wp-content\/uploads\/2025\/08\/Enkelipuisto-1-770x1024.jpg 770w, https:\/\/rautila.fi\/wp-content\/uploads\/2025\/08\/Enkelipuisto-1-768x1021.jpg 768w, https:\/\/rautila.fi\/wp-content\/uploads\/2025\/08\/Enkelipuisto-1-1155x1536.jpg 1155w, https:\/\/rautila.fi\/wp-content\/uploads\/2025\/08\/Enkelipuisto-1-1540x2048.jpg 1540w\" sizes=\"auto, (max-width: 229px) 100vw, 229px\" \/><p id=\"caption-attachment-1128\" class=\"wp-caption-text\">Ky\u00f6sti Iitin taidetta<\/p><\/div>\r\n<div id=\"attachment_1129\" style=\"width: 239px\" class=\"wp-caption alignnone\"><img loading=\"lazy\" decoding=\"async\" aria-describedby=\"caption-attachment-1129\" class=\" wp-image-1129\" src=\"https:\/\/rautila.fi\/wp-content\/uploads\/2025\/08\/Enkelipuisto-2-scaled.jpg\" alt=\"\" width=\"229\" height=\"305\" srcset=\"https:\/\/rautila.fi\/wp-content\/uploads\/2025\/08\/Enkelipuisto-2-scaled.jpg 1925w, https:\/\/rautila.fi\/wp-content\/uploads\/2025\/08\/Enkelipuisto-2-226x300.jpg 226w, https:\/\/rautila.fi\/wp-content\/uploads\/2025\/08\/Enkelipuisto-2-770x1024.jpg 770w, https:\/\/rautila.fi\/wp-content\/uploads\/2025\/08\/Enkelipuisto-2-768x1021.jpg 768w, https:\/\/rautila.fi\/wp-content\/uploads\/2025\/08\/Enkelipuisto-2-1155x1536.jpg 1155w, https:\/\/rautila.fi\/wp-content\/uploads\/2025\/08\/Enkelipuisto-2-1540x2048.jpg 1540w\" sizes=\"auto, (max-width: 229px) 100vw, 229px\" \/><p id=\"caption-attachment-1129\" class=\"wp-caption-text\">Ky\u00f6sti Iitin taidetta<\/p><\/div>\r\n<p>&nbsp;<\/p>\r\n<p><strong>4.7.2025<\/strong> yhdistyksen v\u00e4ki k\u00e4vi katsomassa Vehmaan Himoisissa Wanha-Vinkkil\u00e4n kyl\u00e4yhdistyksen n\u00e4ytelm\u00e4n Hyvinvointileiri. N\u00e4ytelm\u00e4n oli kirjoittanut Pirkko Tammelin.\u00a0<\/p>\r\n<div id=\"attachment_1127\" style=\"width: 1089px\" class=\"wp-caption alignnone\"><img loading=\"lazy\" decoding=\"async\" aria-describedby=\"caption-attachment-1127\" class=\"size-full wp-image-1127\" src=\"https:\/\/rautila.fi\/wp-content\/uploads\/2025\/08\/Hyvinvointileiri.jpg\" alt=\"\" width=\"1079\" height=\"549\" srcset=\"https:\/\/rautila.fi\/wp-content\/uploads\/2025\/08\/Hyvinvointileiri.jpg 1079w, https:\/\/rautila.fi\/wp-content\/uploads\/2025\/08\/Hyvinvointileiri-300x153.jpg 300w, https:\/\/rautila.fi\/wp-content\/uploads\/2025\/08\/Hyvinvointileiri-1024x521.jpg 1024w, https:\/\/rautila.fi\/wp-content\/uploads\/2025\/08\/Hyvinvointileiri-768x391.jpg 768w\" sizes=\"auto, (max-width: 1079px) 100vw, 1079px\" \/><p id=\"caption-attachment-1127\" class=\"wp-caption-text\">N\u00e4yttelij\u00e4t loppukohtauksessa. Kuva: Satu Tuominen<\/p><\/div>\r\n\r\n\r\n<hr class=\"wp-block-separator has-alpha-channel-opacity\" \/>\r\n\r\n\r\n<p>&nbsp;<\/p>\r\n<p><strong>9.2.2025<\/strong> osallistuimme Rautilan VPK:n perinteiseen 112 -p\u00e4iv\u00e4\u00e4n. Hernesoppaa keiteltiin, makkaraa paistettiin ja arpoja myytiin. Keli oli vilpoinen mutta v\u00e4ke\u00e4 riitti mukavasti ja tapahtuma oli onnistunut!<\/p>\r\n\r\n\r\n\r\n<p><img loading=\"lazy\" decoding=\"async\" class=\"alignnone size-full wp-image-1108\" src=\"https:\/\/rautila.fi\/wp-content\/uploads\/2025\/06\/112-paiva-2025.jpg\" alt=\"\" width=\"1600\" height=\"943\" srcset=\"https:\/\/rautila.fi\/wp-content\/uploads\/2025\/06\/112-paiva-2025.jpg 1600w, https:\/\/rautila.fi\/wp-content\/uploads\/2025\/06\/112-paiva-2025-300x177.jpg 300w, https:\/\/rautila.fi\/wp-content\/uploads\/2025\/06\/112-paiva-2025-1024x604.jpg 1024w, https:\/\/rautila.fi\/wp-content\/uploads\/2025\/06\/112-paiva-2025-768x453.jpg 768w, https:\/\/rautila.fi\/wp-content\/uploads\/2025\/06\/112-paiva-2025-1536x905.jpg 1536w\" sizes=\"auto, (max-width: 1600px) 100vw, 1600px\" \/><img loading=\"lazy\" decoding=\"async\" class=\"alignnone wp-image-1109 size-medium\" src=\"https:\/\/rautila.fi\/wp-content\/uploads\/2025\/06\/112-paiva-Mirva-177x300.jpg\" alt=\"\" width=\"177\" height=\"300\" srcset=\"https:\/\/rautila.fi\/wp-content\/uploads\/2025\/06\/112-paiva-Mirva-177x300.jpg 177w, https:\/\/rautila.fi\/wp-content\/uploads\/2025\/06\/112-paiva-Mirva-603x1024.jpg 603w, https:\/\/rautila.fi\/wp-content\/uploads\/2025\/06\/112-paiva-Mirva-768x1303.jpg 768w, https:\/\/rautila.fi\/wp-content\/uploads\/2025\/06\/112-paiva-Mirva-905x1536.jpg 905w, https:\/\/rautila.fi\/wp-content\/uploads\/2025\/06\/112-paiva-Mirva.jpg 1085w\" sizes=\"auto, (max-width: 177px) 100vw, 177px\" \/>\u00a0 \u00a0<\/p>\r\n<p>Tarmokas em\u00e4nt\u00e4 Mirva takasi onnistuneen keitoksen!\u00a0\u00a0<\/p>\r\n","protected":false},"excerpt":{"rendered":"<p>&nbsp; VUONNA 2025 Mietoisten hyv\u00e4nmielen joulumarkkinoilla 13.12. kaupiteltiin kakkuja. &nbsp; Vehmaan perinteisess\u00e4 joulunavauksessa 29.11. myytiin sein\u00e4kalentereita vuodelle 2026 sek\u00e4 kakkuja. &nbsp; Saunaremontti valmistui joulukuussa 2025 ja kyll\u00e4 on komiaa. &nbsp; Syyskuussa, heti\u00a0 markkinoitten j\u00e4lkeen aloitettiin pitk\u00e4\u00e4n suunniteltu remontti rantasaunalla. Hommat &hellip; <a href=\"https:\/\/rautila.fi\/index.php\/tapahtumat\/menneet-tapahtumat\/\">Lue loppuun <span class=\"meta-nav\">&rarr;<\/span><\/a><\/p>\n","protected":false},"author":1,"featured_media":0,"parent":408,"menu_order":1,"comment_status":"closed","ping_status":"closed","template":"","meta":{"footnotes":""},"class_list":["post-21","page","type-page","status-publish","hentry"],"_links":{"self":[{"href":"https:\/\/rautila.fi\/index.php\/wp-json\/wp\/v2\/pages\/21","targetHints":{"allow":["GET"]}}],"collection":[{"href":"https:\/\/rautila.fi\/index.php\/wp-json\/wp\/v2\/pages"}],"about":[{"href":"https:\/\/rautila.fi\/index.php\/wp-json\/wp\/v2\/types\/page"}],"author":[{"embeddable":true,"href":"https:\/\/rautila.fi\/index.php\/wp-json\/wp\/v2\/users\/1"}],"replies":[{"embeddable":true,"href":"https:\/\/rautila.fi\/index.php\/wp-json\/wp\/v2\/comments?post=21"}],"version-history":[{"count":40,"href":"https:\/\/rautila.fi\/index.php\/wp-json\/wp\/v2\/pages\/21\/revisions"}],"predecessor-version":[{"id":1190,"href":"https:\/\/rautila.fi\/index.php\/wp-json\/wp\/v2\/pages\/21\/revisions\/1190"}],"up":[{"embeddable":true,"href":"https:\/\/rautila.fi\/index.php\/wp-json\/wp\/v2\/pages\/408"}],"wp:attachment":[{"href":"https:\/\/rautila.fi\/index.php\/wp-json\/wp\/v2\/media?parent=21"}],"curies":[{"name":"wp","href":"https:\/\/api.w.org\/{rel}","templated":true}]}}